 is the units digit of c/(-12) - 14040/(-32)?
8
Let s(l) = -l**3 - 7*l**2 - l - 12. Let u be s(-8). Let p = -138 + u. Let h = -19 - p. What is the units digit of h?
9
Let x = 272 + -263. What is the units digit of ((300/x)/2)/((-20)/(-480))?
0
What is the ten thousands digit of (-232007)/(-19) + -7 + 45*(-9)/(-57)?
1
Let w = -67 + -63. What is the units digit of 2 - 1*(-6 + w)?
8
Suppose 23*p - 43102 = -0*p. Suppose -103*q - p = -105*q. What is the units digit of q?
7
Let q = -728 + 5201. What is the units digit of (-3)/8 + 5/(120/q)?
6
Let f(t) = -407*t + 223. What is the hundreds digit of f(-18)?
5
Let a = -2504 + 703. Let r = -1129 - a. What is the hundreds digit of r?
6
Let v be (-27)/(-36) - 5/(-4). Let u be v + 2 - (-1 + -729). Suppose -5*p - 3*z + 475 = 0, -5*p + 5*z + u = 259. What is the units digit of p?
5
Suppose 7*x - 5*d - 486 = 3*x, 0 = x + 5*d - 109. Suppose x*s - 93 = 116*s. What is the tens digit of s?
3
Let u = -228 + 397. Suppose 5*f - 519 = -u. What is the tens digit of f?
7
Suppose 3*j - 205 = 2*u - 4079, -5*u - 2*j + 9647 = 0. What is the thousands digit of u?
1
What is the hundreds digit of (-8 - (-7 - 3740)) + -3 + 2?
7
Let h = -5131 + 2861. Let x = -478 - h. Suppose -422 + x = 10*n. What is the units digit of n?
7
Let y(c) = 215*c**2 - 101*c - 1049. What is the units digit of y(-14)?
5
Let t(g) = 11*g**2 - g - 7. Let x be t(-3). Suppose -7*p + x + 493 = 0. Let m = p - 71. What is the tens digit of m?
1
Let x(q) = q**2 - 5*q + 13. Let m be x(-16). Suppose w = -5*d - 124 - m, 5*w = -5*d - 465. Let a = -56 - d. What is the tens digit of a?
3
Let j be 158/(-3)*(-5 + -7). Let y = j - -108. What is the units digit of y?
0
Let m(f) = -2*f + f**2 - f + 9 - 4 + 6. Let l be m(-6). Suppose 37 = y - l. What is the units digit of y?
2
Let u(y) = 6*y**3 - 3*y**2 - 25*y + 284. What is the thousands digit of u(8)?
2
Let x(v) = 1 + 159*v**2 + 0 + 182*v**2 - 464*v**2 + 145*v**2. Suppose s + 5 = 4. What is the tens digit of x(s)?
2
Suppose -24 + 24 = -3*r. Suppose r = z - 801 + 259. What is the units digit of z?
2
What is the units digit of (26/(-8))/(46088/(-5760) + 8)?
0
Let h(b) = 3*b**3 - 4*b**2 + 2*b + 17. Let c(j) = 15*j**3 - 21*j**2 + 9*j + 84. Let w(x) = 2*c(x) - 11*h(x). What is the tens digit of w(-5)?
2
Let y = 100 + -95. Suppose 3*u + 5*t = 116, -t - y + 3 = 0. What is the units digit of u/18*(-24)/(-2)*2?
6
What is the units digit of (-6 + (-2413)/38)/(1/(-22))?
9
Let u = 16159 - 81. What is the tens digit of u?
7
Let z be (4/5)/((-3 + 6)/15). Suppose -511 = -2*f - 4*o + 49, -z*o - 12 = 0. What is the tens digit of f?
8
Let o = -47263 - -67897. What is the thousands digit of o?
0
Let v(a) = a**2 - 12*a + 52. Let n(r) = -r**3 - r + 5. Let k be n(-2). What is the tens digit of v(k)?
9
Suppose -2*b - 102147 = -3*w, 2*w - 11*b - 68076 = -6*b. What is the ten thousands digit of w?
3
Let w = 269 - -163. Let p = 311 + w. What is the units digit of p?
3
Let p(g) = 6492*g**2 + 8*g - 8. Let s be p(1). Suppose -12*r + 108 = -s. What is the tens digit of r?
5
Let z = -13589 - -24002. What is the units digit of z?
3
Suppose 20*d - 89334 = 13*d. What is the hundreds digit of (40/26)/10 + d/26?
4
Let h(x) = -12*x**3 - 2*x**2 + 3*x - 19. Let o be (247/(-52))/(-19) + 17/(-4). What is the tens digit of h(o)?
0
Suppose -23*g + 1750 = 2*g. Let t = 22 + g. What is the tens digit of t?
9
Suppose 60*d = 41182 + 123158. What is the tens digit of d?
3
Let v(s) = -2*s**3 - 27*s**2 + 15*s + 10. Let h be v(-14). Let d(q) = -17*q - 29. Let k be d(h). Suppose -298 = -k*a + 37*a. What is the tens digit of a?
4
Let s(q) = q**3 + 17*q**2 - 41*q + 7. Suppose -t - 3*t = 4*g + 92, 3*g = -5*t - 107. What is the units digit of s(t)?
4
Let c(o) = 24*o**2 - 7*o - 19. Let i be (-33)/44 + 15/(-12). What is the units digit of c(i)?
1
Let n(f) = 6*f - 2. Let u be n(9). Let j be ((-1)/(-4)*-6)/(2/u). Let w = 71 + j. What is the tens digit of w?
3
Suppose 5*j - 5*p + 7451 = 9*j, 5*j + 2*p - 9318 = 0. Suppose 4*o + 1843 = 5*c, 7*o = -5*c + 4*o + j. What is the tens digit of c?
7
Suppose -6015 - 134 - 12891 = -8*g. What is the units digit of g?
0
Let t = 8836 + -4068. What is the tens digit of t?
6
Suppose 0 = -3*x + 7 + 17. Let j = x - -1. Suppose -8*n + 5*n + j = 0. What is the units digit of n?
3
Suppose 5*g + i = -986, 11 + 389 = -2*g + i. What is the tens digit of (152/6)/(4/g*-3)?
1
Let x = -18 - 142. Let p = x - -428. What is the units digit of p?
8
Let p = -159 - -162. What is the hundreds digit of (p/6)/((-5)/(-2580))?
2
Let n(g) = g**2 - 6*g + 7. Let d be n(4). What is the units digit of 4 - (-1 - (d - 1))?
3
Let a be -2*(-18)/48*4. Suppose 5*r = -l + 857, r + 4*l - a*l = 173. What is the units digit of r?
1
Suppose -42 + 6 = -3*g + 2*b, 0 = 5*b + 15. Suppose -z = z - g, -z + 901 = s. What is the hundreds digit of s?
8
Suppose 45 = 2*d - 0*t - 5*t, -d - 2*t = -9. Suppose -13*n + d = -10*n. Let i(u) = 42*u + 13. What is the units digit of i(n)?
3
Let n = -45 - 127. Let p(j) = 17*j**2 - 4*j - 6. Let v be p(4). Let h = v + n. What is the units digit of h?
8
Suppose 590*p = 588*p + 14882. What is the hundreds digit of p?
4
Suppose -74 = -3*m - 68. What is the tens digit of (-870570)/(-986) - m/(-29)?
8
Let b(a) = -236*a. Let n be b(-3). Suppose -3*i + 5*c + 1075 = 0, c = -i - i + n. What is the hundreds digit of i?
3
What is the ten thousands digit of 67640 + (16 - 17) + -13?
6
Suppose 10*d - 31031 = 23009 + 199250. What is the ten thousands digit of d?
2
Let r = -12270 - -17829. What is the thousands digit of r?
5
Suppose 4*v = 28, -73*q - 178519 = -76*q - v. What is the units digit of q?
4
Suppose 0 = 5*k - 2*h - 39435, 4*k = 71*h - 67*h + 31548. What is the hundreds digit of k?
8
Let q(i) = 18*i**2 - 22*i + 56. Let s(n) = 6*n**2 - 7*n + 19. Let d(y) = 3*q(y) - 8*s(y). What is the units digit of d(5)?
6
Suppose -15*p - 14 = 16. Let r be (4/8)/(p/112 + 0). What is the tens digit of 1210/6 - r/(-42)?
0
Let t = 26227 + -16204. What is the units digit of t?
3
Suppose -4*g - 2*q - 3*q = 643, -4*q = 4*g + 640. Let o = g + 304. Suppose 3*k - o = 186. What is the hundreds digit of k?
1
Let j(n) = 2*n**3 + 12*n**2 + 2*n - 14. Let a be j(-7). Let b = a + 91. Let v = 11 - b. What is the units digit of v?
6
Let j be (11 - (-1 + 6))/2. Suppose -4*d + 3519 = -5*r, -2*r + 2653 = 3*d - j*r. What is the units digit of d?
6
Let j(k) = k**2 - k - 102. Let q be j(11). What is the units digit of (336/q)/6 - -399?
6
Let u = -24366 - -41536. What is the hundreds digit of u?
1
Let j(u) = -177*u + 3155. What is the hundreds digit of j(8)?
7
Let o be (4/((-24)/(-441)))/((-29)/(-174)). Let j = o - 245. What is the hundreds digit of j?
1
Suppose -5*n - t + 13359 = 0, 0*t - 5330 = -2*n + 3*t. Let w = -1417 + n. What is the units digit of w?
4
Suppose 18 = -5*t - 7, -y + 2422 = -5*t. What is the thousands digit of y?
2
Let d = 2336 + -998. Let m = -698 + d. What is the tens digit of m?
4
Suppose -4*w = q - 93, 3*q = 2*w + 4*q - 45. Let t = w - -6. What is the tens digit of t/(-18)*(-137 + -1)/2?
1
Suppose -2*z + 251 - 231 = 0. Suppose z*x = -5*x + 1155. What is the tens digit of x?
7
Suppose 4*p = 24057 + 12603. What is the hundreds digit of p?
1
Let w(o) = -6*o + 0*o**3 + 1063 - 14*o**2 - o**3 - 1073. Suppose -3*h - 38 = 2*c - 0*c, 3*h - 4*c = -50. What is the units digit of w(h)?
4
Suppose 915540 + 2887532 = 64*v. What is the hundreds digit of v?
4
Let g be 16/(-36) - (-5)/(360/(-544)). What is the units digit of (-12)/(g + 11) - 3*-97?
7
Let a = -22403 - -76701. What is the thousands digit of a?
4
Let i = -122 + 82. Let v = i - -25. Let o = 61 + v. What is the tens digit of o?
4
Let d be (-27)/45 + 2 - 3/(-5). What is the tens digit of (d - 18/15)/((-4)/(-450))?
9
Let s be 278 - 13 - (1 - (-1)/1). Suppose 258*m = s*m - 805. What is the hundreds digit of m?
1
Suppose c + 1557 = -5*a - 1038, 5*a = -4*c - 2610. Let n = 1091 + a. What is the hundreds digit of n?
5
Suppose -9*m + 10 = -7*m. Suppose 0 = l - m*k - 79, -13*l + 15*l = 4*k + 170. What is the tens digit of l?
8
Let o = 76 - 73. Suppose 12*x = -o*x + 75. Suppose -3*p + 2*k + 64 = -2*p, -x*p - k + 342 = 0. What is the units digit of p?
8
Let u(a) = a**3 + 4*a**2 - 14*a + 1. Let y be u(-6). Let q = 37 - y. What is the units digit of